ppose z*f = -t + 3*f + 28, -4*t + 5*f = -28. What is the highest common divisor of t and 18?
6
Let x(l) = l**2 - 10*l + 24. Let h be x(-16). What is the greatest common divisor of 44 and h?
44
Suppose -2*u = -c - 6, -2*u + 2*c - 2 = 3*c. Let p be (u + -1 + 20)*1. Let f(v) = 10*v + 20. Let s be f(16). What is the greatest common divisor of s and p?
20
Let z(b) be the second derivative of -b**5/20 - 2*b**4/3 - 7*b**3/6 + 3*b**2/2 + 2*b. Let n be z(-7). What is the greatest common divisor of 9 and n?
3
Suppose 110 = 10*v - 130. Let o be 12/(-1)*2/(-3). What is the greatest common divisor of v and o?
8
Let g be (-1408)/(-24)*3/2. Calculate the highest common factor of 11 and g.
11
Let r(m) = -196*m - 2. Let g be r(-6). Suppose -4*x + g = 150. Suppose -5*b = -4*v + 283, -3*v - 43 = -3*b - x. What is the highest common divisor of 8 and v?
8
Let n be 1/(-4) + 9/4. Let i(c) = c**n + 0*c - 5*c + 2*c - 6. Let s be i(-7). Calculate the highest common divisor of s and 8.
8
Let i = -1 - 2. Let b = 2 - i. Calculate the greatest common factor of b and 5.
5
Let x(k) = k**2 - 12*k + 14. Let c be x(11). Let g be (-45)/12*(-40)/c. What is the greatest common divisor of 20 and g?
10
Let t(z) be the third derivative of z**6/30 + z**5/20 - z**4/24 - z**3/3 + 3*z**2. Let v be t(3). Calculate the highest common divisor of v and 13.
13
Let x = 9 + -5. Suppose -2*r - r - 24 = -2*w, x*w = -3*r + 48. Calculate the greatest common factor of 24 and w.
12
Let x be (-106)/(-9) + (-4)/(-18). Let u = -6 + 20. Let i = u + 70. What is the greatest common factor of x and i?
12
Let f(r) = -r**3 + r**2. Let j be f(-1). Let b be 0 + j + 1 - -3. What is the highest common factor of b and 6?
6
Suppose -3*a - 40 = -7*a. Suppose 4*l - 25 = m, a*l + 4*m = 5*l + 47. Calculate the highest common factor of 1 and l.
1
Let o be (2 - 1) + 101/1. Suppose -d = -13 - o. What is the highest common divisor of d and 46?
23
Let f be (-2)/(-4) + (-21)/(-6). Suppose 3*r - 4 = 5*l, -2*r - l = -f*l - 4. What is the greatest common divisor of 88 and r?
8
Let v(u) = u**2 + 7*u + 8. Suppose 5*p = -t - 39, p - 3*t + 9 = -2*p. Let h be v(p). Calculate the highest common divisor of h and 16.
8
Suppose 88 = 2*m - 3*a, a + 126 = 3*m - 2*a. Let r(x) = 5*x**2 - 7*x + 5. Let q be r(4). Calculate the highest common divisor of q and m.
19
Let p = -51 - -103. Calculate the highest common divisor of 130 and p.
26
Suppose 0 = 4*w - w, -4*z + 2*w = -72. Calculate the greatest common divisor of 144 and z.
18
Suppose -19 = n - 67. Suppose -28 = -i - 2*w, -2*w + 0*w = 2*i - n. Let m be 6/(-27) + (-92)/(-9). What is the greatest common divisor of m and i?
10
Suppose 2*f = 3*h - 1629, -1632 = -3*h + 3*f - 2*f. Suppose -5*v = -5*y + h, -2*v + 454 = 4*y - 0*y. Calculate the greatest common factor of 14 and y.
14
Suppose 92 = 3*o + 23. Suppose -j + o = -4*f, 4*j - 5*f - 24 - 13 = 0. Suppose -2*c - j*c = -60. What is the greatest common divisor of 108 and c?
12
Let c(k) = -k**3 - 3*k**2 + 3. Let z be c(-3). What is the greatest common divisor of z and 2?
1
Suppose -d + 14 = -22. Suppose -3*y + d = 21. What is the highest common factor of 5 and y?
5
Let z(i) = -2*i. Let u = 3 - 5. Let x be z(u). Let s(y) = -y**3 + 7*y**2 + 2*y + 14. Let c be s(7). What is the highest common divisor of x and c?
4
Suppose -f + 2*p + 430 = 4*f, 0 = 2*f + 3*p - 191. Calculate the highest common factor of 8 and f.
8
Let g be (-1)/(-3) - (-140)/12. Let w = -2 + g. Calculate the greatest common divisor of w and 5.
5
Let v(x) = -x + 4*x**2 + 35 + 7 - 3*x**2 + 0*x**2. Let s be v(0). Calculate the greatest common divisor of s and 14.
14
Let h be -1*(-3)/(-6)*-6. Let x be (0/1)/(0 - 1). Suppose -h*z - 42 - 58 = -v, -4*v - z + 452 = x. Calculate the greatest common factor of 14 and v.
14
Let f(z) = -z**2 - 18*z + 26. Let s be f(-19). What is the highest common divisor of 14 and s?
7
Let b = 16 - -8. Let q(h) = -h - h - 8 + 4. Let f be q(-5). Calculate the greatest common factor of f and b.
6
Let u(x) = 4*x. Let w be u(1). Suppose 4*c + w*b = 96, -2*c = -2*b + 8 - 40. Calculate the highest common factor of c and 220.
20
Let t = 26 + -4. Calculate the greatest common divisor of t and 33.
11
Let f = 10 - 5. Let t be 3/(-3) + f + 0. Suppose 64 = 6*d - 4*d + t*q, q - 100 = -4*d. What is the highest common divisor of d and 16?
8
Suppose -4*r - 60 = -3*g - 3*r, -4*g + 3*r = -80. Calculate the greatest common divisor of 4 and g.
4
Let y = 5 + -1. Let c(k) = 3*k**2 + 3*k**2 - 6 - 4*k - y*k**2 + 3. Let w be c(-4). What is the greatest common divisor of 30 and w?
15
Let b be (-3)/9 + 1133/(-3). Let y be (-2)/((-4)/b*-3). Suppose -4*p + 10 + 6 = 4*s, -7 = -3*s - 4*p. Calculate the greatest common divisor of s and y.
9
Suppose 0 = 5*i - 3*k - 6, -5*i + 4*k + 2 = -1. What is the highest common divisor of 27 and i?
3
Let q = 366 - 261. What is the greatest common divisor of q and 42?
21
Let y(j) = j**3 + j**2 + j + 72. Let v be y(0). Let n = v - 50. Calculate the greatest common factor of n and 44.
22
Let a(u) = -u**3 + 9*u**2 - 6*u + 6. Let f be a(8). Calculate the highest common divisor of 55 and f.
11
Let h be 428/60 + 10/(-75). Calculate the highest common divisor of 70 and h.
7
Suppose 0 = 4*a + 4 - 12. Let i(j) = -10*j - 8 - 2*j - 2*j + a*j**2 - 2*j. Let c be i(12). Calculate the highest common divisor of 11 and c.
11
Suppose 0 = -5*d + 25, v - 2 = d + d. Let u be -11 + v - -9*1. What is the highest common factor of u and 30?
10
Suppose 4*d - 556 = -4*s, 2*d = s - 0*s + 266. Calculate the greatest common factor of d and 9.
9
Suppose 2*z - 74 = -r, -5*r - 3*z = -0*z - 342. Suppose 15 = s + 2*o - 3*o, 5*s + 4*o = r. Calculate the highest common factor of 28 and s.
14
Let d = 173 + -167. What is the greatest common factor of 33 and d?
3
Let d be (3/(9/12))/(2/64). Calculate the greatest common factor of 32 and d.
32
Let r = 12 + 211. Suppose -3*g = -r - 74. What is the highest common factor of g and 11?
11
Let t(f) = -4*f - 4. Let z be t(-6). Calculate the highest common factor of z and 8.
4
Let z(a) = 26*a + 26. Let g be z(7). Calculate the highest common divisor of g and 16.
16
Let q be (-3744)/(-160) - -1*3/5. Let v = 106 + -46. What is the greatest common factor of q and v?
12
Let j be (-10)/(-15)*39/(-2). Let o = 32 + j. Calculate the greatest common divisor of 57 and o.
19
Suppose 5*o - 10 = 0, 0 = 3*n + 2*n + o - 317. Let y = n - 15. What is the highest common divisor of y and 32?
16
Let h = 3 - -1. Suppose 2*i = 6*i - 40. Calculate the greatest common factor of i and h.
2
Let t = 2 + 10. Let o = t + -9. What is the greatest common divisor of o and 6?
3
Let y be 3/18*-2 + (-920)/(-6). Calculate the highest common factor of 17 and y.
17
Let w(v) = 20*v. Let q be w(18). What is the highest common factor of 45 and q?
45
Let m = 68 + 58. Calculate the highest common factor of 21 and m.
21
Let d(r) = -2*r**2 - r + 9. Let a = -22 + 22. Let x be d(a). What is the greatest common factor of 99 and x?
9
Let w be -6*(-2 - -1) - 2. Suppose 0*l - 192 = -w*l. Let d(h) = -8*h - 28. Let b be d(-5). What is the greatest common divisor of b and l?
12
Let k = 64 - 44. Suppose -7*s = -3*s - k. What is the greatest common factor of s and 55?
5
Let k(z) = -3*z - 5. Let n be k(-7). Suppose -5*w = -5*x - 710, 0*w + x = -4*w + 578. Calculate the highest common factor of w and n.
16
Let t(r) = 62*r**2 + r. Let f be t(1). Let w(p) = p**3 - 18*p**2 - 18*p + 23. Let m be w(19). Calculate the greatest common divisor of m and f.
21
Let y = 221 + -5. Let m be (4/3)/(6/y). Calculate the greatest common divisor of 72 and m.
24
Suppose 0 = -2*d - 2*u + 8, -3*u - 12 = -2*d - 4*u. What is the greatest common divisor of d and 8?
8
Let f = -2 - 5. Let m be (48/14)/((-1)/f). Suppose 7 + 5 = 2*p. What is the highest common divisor of p and m?
6
Suppose 5*k = -74 + 824. What is the highest common factor of k and 30?
30
Let r(z) = z**2 + 1. Let u = 5 + -7. Let g be r(u). Suppose -q = -2, -3*h = g*q - 16 - 138. Calculate the greatest common factor of 12 and h.
12
Suppose -5*b + 112 - 32 = 0. Suppose 2*q = 4*m - b, -5*m + 0*q - q + 34 = 0. What is the highest common divisor of m and 9?
3
Suppose -5*m = -2*m. Suppose 45 = 3*n - m*n. Suppose 5*h - 8 - 7 = 0. Calculate the highest common divisor of h and n